 149
Suppose -4*j + z + 1225 = -4*z, 5*j = -5*z + 1475. Suppose 5*s - j = 10*s. Let w = 149 + s. List the prime factors of w.
89
Let o = 4904 + -3552. What are the prime factors of o?
2, 13
Let u = 105182 - 51186. List the prime factors of u.
2, 13499
Let l(h) = 2696*h**2 + 34*h - 76. What are the prime factors of l(2)?
2, 3, 449
Suppose w + 852 = 6857. List the prime factors of w.
5, 1201
Let b = -86 + 113. Let f = b - 12. Suppose -3*t + 0*t - f = 0, -5*t - 583 = -3*r. What are the prime factors of r?
2, 3, 31
Suppose 0 = -41*b + 1041665 + 36963. What are the prime factors of b?
2, 6577
Suppose 8*v = 2*v + 53568. Suppose 0 = -9*j + 18*j - v. Suppose -13*f = -5*f - j. List the prime factors of f.
2, 31
List the prime factors of ((-928152)/(-30) - 12/5) + 12.
2, 3, 2579
Let p(w) be the second derivative of w**5/20 + 7*w**4/12 - 2*w**3/3 - 4*w**2 + 2056*w. Let y be 9/(-2 - -1) + 2. List the prime factors of p(y).
2, 5
Suppose 0 = -x + 19 + 7. Suppose 4*s - 2*j - 7 = -29, 2*s - 4*j = -x. List the prime factors of (2 + -1)/(s/(-381)).
127
Let z(h) = h + 8. Let x be z(-7). Let l = x - 1. Let r = 14 - l. List the prime factors of r.
2, 7
Let v(m) = 645*m**3 + m**2 + 10*m - 12. What are the prime factors of v(2)?
2, 3, 431
Let v = -80 + 27. Let b = 55 + v. Suppose -3*i - 82 = -b*x + x, -5*x = -2*i - 397. List the prime factors of x.
79
Suppose 0 = -4*n - 6 - 10. Let p = n + 5. What are the prime factors of p/(-7) - (-6)/(-7) - -94?
3, 31
Let p(r) = -73*r - 23. Let d(o) = -72*o - 21. Let t(b) = 4*d(b) - 5*p(b). List the prime factors of t(9).
2, 181
Let t(i) be the second derivative of 23*i**4/6 + 2*i**3/3 + 4*i - 22. What are the prime factors of t(-3)?
2, 3, 67
Suppose 14094 = 4*h - 305157 + 3375. List the prime factors of h.
3, 11, 2393
Let w be (-976)/(-18) - (-10)/(-45). Let l = w - 54. Suppose -10*c + 23*c - 26 = l. What are the prime factors of c?
2
Let z(t) = 51*t**2 + 114*t - 1544. What are the prime factors of z(15)?
7, 1663
Suppose -36 = -2*h + h. Suppose -c + 41 = -3*w, -109 = -3*c + w - 6*w. Let r = c + h. List the prime factors of r.
2, 37
Let s(l) = -391*l + 6. Let i be s(-1). Let x = -497 + 1069. Let m = x - i. List the prime factors of m.
5, 7
Let z = -205 + 205. What are the prime factors of 392 + z - (3 + 0)?
389
Let y = -8861 - -17390. What are the prime factors of y?
3, 2843
Suppose 9*g + 1715182 = 170*g + 328006. What are the prime factors of g?
2, 3, 359
What are the prime factors of (-2)/((-9)/12*(-22)/(-231759))?
2, 3, 2341
What are the prime factors of (4/6 + (-16445)/(-276))/((-3)/(-516))?
43, 241
Suppose -400 + 1290 = 5*s. Let u = 375 - s. List the prime factors of u.
197
Let u(v) = 10*v + 3. Let h be u(6). Let o = h - 49. Suppose -12*x = -o*x + 222. What are the prime factors of x?
3, 37
Suppose -1 = -5*q - 26, -3*j - 4*q + 28 = 0. Suppose -8*h + 9816 = j*h. List the prime factors of h.
409
List the prime factors of (1 + 1)*(-2 + 8 - 189825/(-30)).
53, 239
Suppose 674311 = 35*m + 7736. What are the prime factors of m?
5, 13, 293
Suppose 66 = -n - 2*v - 2*v, n - 4*v + 42 = 0. Let q = n + 60. Suppose q*s - 20 = s. What are the prime factors of s?
2
Let x(v) = -3*v + 68. Suppose -186 = -7*q - 32. Let m be x(q). Suppose 775 = 5*n + m*o, 3*n = -o + 521 - 56. What are the prime factors of n?
5, 31
Suppose 8 + 19 = 9*x. Suppose -x*h + 4*h + 2*y - 253 = 0, 4*y = 0. List the prime factors of h.
11, 23
Suppose 5*f + 5*g = 130, -f + 0*g + 3*g = -10. Suppose 0 = f*y - 14698 - 1494. List the prime factors of y.
2, 23
Let f(j) = -3*j**2 - 2*j - 136*j**3 + 137*j**3 - 14*j - 11. Let v be f(6). What are the prime factors of (12 - 10) + 272 + v?
5, 11
Let t = 195 - -25979. List the prime factors of t.
2, 23, 569
Suppose 5*o - 4*r - 282 = 0, 28 = -3*o - r + 204. Let y = 108 + -164. Let g = y + o. List the prime factors of g.
2
List the prime factors of 154718/5 + (-20)/(-50).
2, 967
What are the prime factors of 255/340 - 63/(-36)*(-1 - -4080)?
11, 59
Let z = 16 - 12. Suppose z*w = -5*t + 413 + 89, -410 = -4*t + w. Suppose k + t = 3*k. List the prime factors of k.
3, 17
Suppose 0 = 2*n + j + 46, -n - 62 = 2*n + 5*j. Let k be 10/((-7)/(-49)*7/10). List the prime factors of (-2*1 - n/12) + k.
2, 5
Suppose -16*h - 58457 + 339481 = 0. List the prime factors of h.
2, 4391
Let v(k) be the third derivative of 29/6*k**3 + 1/3*k**4 + 0 + k**2 + 0*k. List the prime factors of v(12).
5
List the prime factors of -7 + -10 + 10 + 2490 + 2.
5, 7, 71
Let q(n) = 3 + 8745*n**3 - 8746*n**3 + 13*n**2 - 26 + 16*n. Let r be q(14). Suppose -7*v + 3*v = -3*k + 169, 5*k = r*v + 275. What are the prime factors of k?
3, 17
Suppose -k = -2*r - 14, -6 = -4*k + r + 15. Suppose 5*y - 3*t = -k*t + 33, -29 = -5*y - 3*t. Suppose -n + y = 2, i - n - 36 = 0. List the prime factors of i.
41
Suppose 2*t + 866*w = 869*w + 21450, 5*t + w = 53676. What are the prime factors of t?
2, 3, 1789
Let j = -745 + 4498. Suppose -3*o + 3755 = 4*g, 6*g = 10*g + o - j. What are the prime factors of g?
2, 7, 67
Suppose 0 = -4*m - r + 3, 8 = -6*m + 5*m - 2*r. Suppose -5*l = 2*a - 375, 0 = 2*l + 3*a + m*a - 129. List the prime factors of l.
7, 11
Suppose 0 = -4*q + q - 6. Let k(f) = f**2 - f - 2. Let d be k(q). Suppose -d*n + 2*c = -176, -5*c - 257 + 42 = -5*n. List the prime factors of n.
3, 5
Suppose 109 = 20*b + 29. Suppose -5*c + b*c - g + 817 = 0, 3*g = -5*c + 4081. What are the prime factors of c?
5, 163
Let v = 147 - 35. Let g = -144 + v. What are the prime factors of (-3508)/(-28) + (g/14 - -2)?
5
Suppose -2*k + 5*o + 7045 = 62, 5*k - 17525 = -o. What are the prime factors of k?
2, 3, 73
Let r be 5/(-30)*1 - 5522/(-12). Suppose 3*p = -p + r. What are the prime factors of p?
5, 23
Suppose -10500 = 112*n - 147*n. What are the prime factors of n?
2, 3, 5
Suppose w - 9833 = -2*j, 0 = -2*j - 2*j + 2*w + 19662. Suppose -2652 = -3*n + g, -5*n = 5*g - j + 476. List the prime factors of n.
3, 5, 59
Suppose 39502 = 20*r - 6918. Let h = r - 1606. List the prime factors of h.
5, 11, 13
Suppose 2*c + 31*n - 26788 = 28*n, 4*n - 53564 = -4*c. What are the prime factors of c?
5, 2677
Suppose 24*b + 30 = 30*b. Suppose 795 = 4*n - 5*i, 2*n - b*i + 435 = 4*n. Let k = n - 63. What are the prime factors of k?
2, 71
Let u = -50385 + 73980. What are the prime factors of u?
3, 5, 11, 13
Let g be (-12)/(-15) + 12/60. What are the prime factors of g/(5*2/8720)?
2, 109
Suppose -5*u = -2*f - 49595, 0 = -257*u + 260*u + 2*f - 29773. List the prime factors of u.
3, 3307
Suppose -4117 = 12*n + 13*n - 161642. List the prime factors of n.
6301
Let y(f) = 385*f - 392. What are the prime factors of y(13)?
7, 659
Let t = 72 + 12. Let c = -68 + t. Let z(x) = -x**2 + 27*x + 19. What are the prime factors of z(c)?
3, 5, 13
Let b(l) = 8*l + 2*l**2 - 236 + 2 + 19*l - 2*l. What are the prime factors of b(19)?
3, 107
Suppose 0 = 17*w - 38*w - 1197. What are the prime factors of (-19)/w*(-1 + -2)*-89?
89
Suppose 12 = -2*c, c + 15400 = -3*v + 137170. What are the prime factors of v?
2, 43, 59
Suppose -6*z + 133616 + 50870 = -2*l, -3*z + 92247 = -3*l. List the prime factors of z.
3, 37, 277
Let k = -10576 - -20846. What are the prime factors of k?
2, 5, 13, 79
Suppose 105465 = 45*t - 118725. What are the prime factors of t?
2, 47, 53
Let c(g) = -2*g**2 - 3*g + 8. Let k(p) = p**2 + p - 8. Let q(u) = -2*c(u) - 3*k(u). Let d be q(0). Suppose -4*m = d*m - 1680. What are the prime factors of m?
2, 5, 7
Suppose 55902 = 2*f + 5*t, 37*t = -3*f + 36*t + 83892. List the prime factors of f.
2, 3, 59, 79
Let c be -1959*(-21*1/(-9))/(-1). Suppose 482 = -29*u + c. What are the prime factors of u?
3, 47
Suppose -3*i = 2*i - 3*o - 9, 2*i + 2*o + 6 = 0. Suppose -11*q + 7*q + 1188 = i. What are the prime factors of q?
3, 11
Suppose 2560 = -47*c + 48*c. Suppose 0 = -23*z + c + 5973. What are the prime factors of z?
7, 53
Let c = -8 + 10. Let f(j) = -j**2 + 12*j + 74. Let x be f(16). Suppose c*w + 4*z = 64, -6*z + z - x = 0. What are the prime factors of w?
2, 3
What are the prime factors of (-194341)/(-14) + (3 - 168/16)/(-3)?
2, 3, 13, 89
Suppose -s = 5*g - 7488, -30*g = -32*g + s + 2998. What are the prime factors of g?
2, 7, 107
Suppose -3*t = -2*g - 2768, 5 = 4*g - 3. Suppose -p + 4*s + 921 = 0, -3*s = -p - 2 + t. List the prime factors of p.
